[INFO] fetching crate tempan 0.0.6...
[INFO] checking tempan-0.0.6 against master#af3c6e733a40e671550e0f0f5aeecaa13772ba56 for pr-74989
[INFO] extracting crate tempan 0.0.6 into /workspace/builds/worker-9/source
[INFO] validating manifest of crates.io crate tempan 0.0.6 on toolchain af3c6e733a40e671550e0f0f5aeecaa13772ba56
[INFO] running `Command { std: "/workspace/cargo-home/bin/cargo" "+af3c6e733a40e671550e0f0f5aeecaa13772ba56" "read-manifest" "--manifest-path" "Cargo.toml", kill_on_drop: false }`
[INFO] started tweaking crates.io crate tempan 0.0.6
[INFO] finished tweaking crates.io crate tempan 0.0.6
[INFO] tweaked toml for crates.io crate tempan 0.0.6 written to /workspace/builds/worker-9/source/Cargo.toml
[INFO] running `Command { std: "/workspace/cargo-home/bin/cargo" "+af3c6e733a40e671550e0f0f5aeecaa13772ba56" "generate-lockfile" "--manifest-path" "Cargo.toml" "-Zno-index-update", kill_on_drop: false }`
[INFO] [stderr]     Blocking waiting for file lock on package cache
[INFO] running `Command { std: "/workspace/cargo-home/bin/cargo" "+af3c6e733a40e671550e0f0f5aeecaa13772ba56" "fetch" "--locked" "--manifest-path" "Cargo.toml", kill_on_drop: false }`
[INFO] running `Command { std: "docker" "create" "-v" "/var/lib/crater-agent-workspace/builds/worker-9/target:/opt/rustwide/target:rw,Z" "-v" "/var/lib/crater-agent-workspace/builds/worker-9/source:/opt/rustwide/workdir:ro,Z" "-v" "/var/lib/crater-agent-workspace/cargo-home:/opt/rustwide/cargo-home:ro,Z" "-v" "/var/lib/crater-agent-workspace/rustup-home:/opt/rustwide/rustup-home:ro,Z" "-e" "SOURCE_DIR=/opt/rustwide/workdir" "-e" "CARGO_TARGET_DIR=/opt/rustwide/target" "-e" "CARGO_HOME=/opt/rustwide/cargo-home" "-e" "RUSTUP_HOME=/opt/rustwide/rustup-home" "-w" "/opt/rustwide/workdir" "-m" "1610612736" "--user" "0:0" "--network" "none" "rustops/crates-build-env@sha256:d92eaeed33fa75130ca1ee6c8a01d1ffb62bac859dfdfb3450e3e5d1c0146529" "/opt/rustwide/cargo-home/bin/cargo" "+af3c6e733a40e671550e0f0f5aeecaa13772ba56" "metadata" "--no-deps" "--format-version=1", kill_on_drop: false }`
[INFO] [stdout] f95b66284bd55dc4194547a629370d2d1fa0d24f622df52f05ae453fdca1b53b
[INFO] [stderr] WARNING: Your kernel does not support swap limit capabilities or the cgroup is not mounted. Memory limited without swap.
[INFO] running `Command { std: "docker" "start" "-a" "f95b66284bd55dc4194547a629370d2d1fa0d24f622df52f05ae453fdca1b53b", kill_on_drop: false }`
[INFO] running `Command { std: "docker" "inspect" "f95b66284bd55dc4194547a629370d2d1fa0d24f622df52f05ae453fdca1b53b", kill_on_drop: false }`
[INFO] running `Command { std: "docker" "rm" "-f" "f95b66284bd55dc4194547a629370d2d1fa0d24f622df52f05ae453fdca1b53b", kill_on_drop: false }`
[INFO] [stdout] f95b66284bd55dc4194547a629370d2d1fa0d24f622df52f05ae453fdca1b53b
[INFO] running `Command { std: "docker" "create" "-v" "/var/lib/crater-agent-workspace/builds/worker-9/target:/opt/rustwide/target:rw,Z" "-v" "/var/lib/crater-agent-workspace/builds/worker-9/source:/opt/rustwide/workdir:ro,Z" "-v" "/var/lib/crater-agent-workspace/cargo-home:/opt/rustwide/cargo-home:ro,Z" "-v" "/var/lib/crater-agent-workspace/rustup-home:/opt/rustwide/rustup-home:ro,Z" "-e" "SOURCE_DIR=/opt/rustwide/workdir" "-e" "CARGO_TARGET_DIR=/opt/rustwide/target" "-e" "CARGO_INCREMENTAL=0" "-e" "RUST_BACKTRACE=full" "-e" "RUSTFLAGS=--cap-lints=forbid" "-e" "CARGO_HOME=/opt/rustwide/cargo-home" "-e" "RUSTUP_HOME=/opt/rustwide/rustup-home" "-w" "/opt/rustwide/workdir" "-m" "1610612736" "--user" "0:0" "--network" "none" "rustops/crates-build-env@sha256:d92eaeed33fa75130ca1ee6c8a01d1ffb62bac859dfdfb3450e3e5d1c0146529" "/opt/rustwide/cargo-home/bin/cargo" "+af3c6e733a40e671550e0f0f5aeecaa13772ba56" "check" "--frozen" "--all" "--all-targets" "--message-format=json", kill_on_drop: false }`
[INFO] [stderr] WARNING: Your kernel does not support swap limit capabilities or the cgroup is not mounted. Memory limited without swap.
[INFO] [stdout] c0a486e0c24112601580d768715e16bb1f098f4cff0947db0fca5fb46520780b
[INFO] running `Command { std: "docker" "start" "-a" "c0a486e0c24112601580d768715e16bb1f098f4cff0947db0fca5fb46520780b", kill_on_drop: false }`
[INFO] [stderr]    Compiling libblas-sys v0.0.5
[INFO] [stderr]    Compiling liblapack-sys v0.0.5
[INFO] [stderr]    Compiling hotspot v0.0.6
[INFO] [stderr]     Checking assert v0.0.3
[INFO] [stdout] error[E0433]: failed to resolve: could not find `process` in `io`
[INFO] [stdout]   --> /opt/rustwide/cargo-home/registry/src/github.com-1ecc6299db9ec823/hotspot-0.0.6/build.rs:11:44
[INFO] [stdout]    |
[INFO] [stdout] 11 |         assert!($command.stdout(::std::io::process::InheritFd(1))
[INFO] [stdout]    |                                            ^^^^^^^ could not find `process` in `io`
[INFO] [stdout] ...
[INFO] [stdout] 21 |     run!(cmd!("make").cwd(&build));
[INFO] [stdout]    |     ------------------------------- in this macro invocation
[INFO] [stdout]    |
[INFO] [stdout]    = note: this error originates in a macro (in Nightly builds, run with -Z macro-backtrace for more info)
[INFO] [stdout] 
[INFO] [stdout] 
[INFO] [stdout] error[E0433]: failed to resolve: could not find `process` in `io`
[INFO] [stdout]   --> /opt/rustwide/cargo-home/registry/src/github.com-1ecc6299db9ec823/hotspot-0.0.6/build.rs:12:44
[INFO] [stdout]    |
[INFO] [stdout] 12 |                         .stderr(::std::io::process::InheritFd(2))
[INFO] [stdout]    |                                            ^^^^^^^ could not find `process` in `io`
[INFO] [stdout] ...
[INFO] [stdout] 21 |     run!(cmd!("make").cwd(&build));
[INFO] [stdout]    |     ------------------------------- in this macro invocation
[INFO] [stdout]    |
[INFO] [stdout]    = note: this error originates in a macro (in Nightly builds, run with -Z macro-backtrace for more info)
[INFO] [stdout] 
[INFO] [stdout] 
[INFO] [stdout] error[E0433]: failed to resolve: use of undeclared type or module `Path`
[INFO] [stdout]   --> /opt/rustwide/cargo-home/registry/src/github.com-1ecc6299db9ec823/hotspot-0.0.6/build.rs:18:17
[INFO] [stdout]    |
[INFO] [stdout] 18 |     let build = Path::new(get!("CARGO_MANIFEST_DIR")).join("build");
[INFO] [stdout]    |                 ^^^^ not found in this scope
[INFO] [stdout]    |
[INFO] [stdout] help: consider importing this struct
[INFO] [stdout]    |
[INFO] [stdout] 1  | use std::path::Path;
[INFO] [stdout]    |
[INFO] [stdout] 
[INFO] [stdout] 
[INFO] [stdout] error[E0425]: cannot find function `getenv` in module `std::os`
[INFO] [stdout]   --> /opt/rustwide/cargo-home/registry/src/github.com-1ecc6299db9ec823/hotspot-0.0.6/build.rs:6:33
[INFO] [stdout]    |
[INFO] [stdout] 6  |     ($name:expr) => (::std::os::getenv($name).unwrap_or("".to_string()));
[INFO] [stdout]    |                                 ^^^^^^ not found in `std::os`
[INFO] [stdout] ...
[INFO] [stdout] 18 |     let build = Path::new(get!("CARGO_MANIFEST_DIR")).join("build");
[INFO] [stdout]    |                           -------------------------- in this macro invocation
[INFO] [stdout]    |
[INFO] [stdout]    = note: this error originates in a macro (in Nightly builds, run with -Z macro-backtrace for more info)
[INFO] [stdout] 
[INFO] [stdout] 
[INFO] [stdout] error[E0433]: failed to resolve: use of undeclared type or module `Path`
[INFO] [stdout]   --> /opt/rustwide/cargo-home/registry/src/github.com-1ecc6299db9ec823/hotspot-0.0.6/build.rs:19:16
[INFO] [stdout]    |
[INFO] [stdout] 19 |     let into = Path::new(get!("OUT_DIR"));
[INFO] [stdout]    |                ^^^^ not found in this scope
[INFO] [stdout]    |
[INFO] [stdout] help: consider importing this struct
[INFO] [stdout]    |
[INFO] [stdout] 1  | use std::path::Path;
[INFO] [stdout]    |
[INFO] [stdout] 
[INFO] [stdout] 
[INFO] [stdout] error[E0425]: cannot find function `getenv` in module `std::os`
[INFO] [stdout]   --> /opt/rustwide/cargo-home/registry/src/github.com-1ecc6299db9ec823/hotspot-0.0.6/build.rs:6:33
[INFO] [stdout]    |
[INFO] [stdout] 6  |     ($name:expr) => (::std::os::getenv($name).unwrap_or("".to_string()));
[INFO] [stdout]    |                                 ^^^^^^ not found in `std::os`
[INFO] [stdout] ...
[INFO] [stdout] 19 |     let into = Path::new(get!("OUT_DIR"));
[INFO] [stdout]    |                          --------------- in this macro invocation
[INFO] [stdout]    |
[INFO] [stdout]    = note: this error originates in a macro (in Nightly builds, run with -Z macro-backtrace for more info)
[INFO] [stdout] 
[INFO] [stdout] 
[INFO] [stdout] error[E0433]: failed to resolve: could not find `process` in `io`
[INFO] [stdout]   --> /opt/rustwide/cargo-home/registry/src/github.com-1ecc6299db9ec823/hotspot-0.0.6/build.rs:2:42
[INFO] [stdout]    |
[INFO] [stdout] 2  |     ($name:expr) => (::std::io::process::Command::new($name));
[INFO] [stdout]    |                                          ^^^^^^^ not found in `std::io::process`
[INFO] [stdout] ...
[INFO] [stdout] 21 |     run!(cmd!("make").cwd(&build));
[INFO] [stdout]    |          ------------ in this macro invocation
[INFO] [stdout]    |
[INFO] [stdout]    = note: this error originates in a macro (in Nightly builds, run with -Z macro-backtrace for more info)
[INFO] [stdout] help: consider importing this struct
[INFO] [stdout]    |
[INFO] [stdout] 1  | use std::process::Command;
[INFO] [stdout]    |
[INFO] [stdout] 
[INFO] [stdout] 
[INFO] [stdout] error[E0433]: failed to resolve: could not find `process` in `io`
[INFO] [stdout]   --> /opt/rustwide/cargo-home/registry/src/github.com-1ecc6299db9ec823/libblas-sys-0.0.5/build.rs:15:44
[INFO] [stdout]    |
[INFO] [stdout] 15 |           assert!($command.stdout(::std::io::process::InheritFd(1))
[INFO] [stdout]    |                                              ^^^^^^^ could not find `process` in `io`
[INFO] [stdout] ...
[INFO] [stdout] 25 | /     run!(cmd!("cmake").cwd(&into).arg(&from)
[INFO] [stdout] 26 | |                                  .arg("-DCMAKE_Fortran_FLAGS='-O2 -frecursive -fPIC'"));
[INFO] [stdout]    | |________________________________________________________________________________________- in this macro invocation
[INFO] [stdout]    |
[INFO] [stdout]    = note: this error originates in a macro (in Nightly builds, run with -Z macro-backtrace for more info)
[INFO] [stdout] 
[INFO] [stdout] 
[INFO] [stdout] error[E0433]: failed to resolve: could not find `process` in `io`
[INFO] [stdout]   --> /opt/rustwide/cargo-home/registry/src/github.com-1ecc6299db9ec823/libblas-sys-0.0.5/build.rs:16:44
[INFO] [stdout]    |
[INFO] [stdout] 16 |                           .stderr(::std::io::process::InheritFd(2))
[INFO] [stdout]    |                                              ^^^^^^^ could not find `process` in `io`
[INFO] [stdout] ...
[INFO] [stdout] 25 | /     run!(cmd!("cmake").cwd(&into).arg(&from)
[INFO] [stdout] 26 | |                                  .arg("-DCMAKE_Fortran_FLAGS='-O2 -frecursive -fPIC'"));
[INFO] [stdout]    | |________________________________________________________________________________________- in this macro invocation
[INFO] [stdout]    |
[INFO] [stdout]    = note: this error originates in a macro (in Nightly builds, run with -Z macro-backtrace for more info)
[INFO] [stdout] 
[INFO] [stdout] 
[INFO] [stdout] error[E0433]: failed to resolve: could not find `process` in `io`
[INFO] [stdout]   --> /opt/rustwide/cargo-home/registry/src/github.com-1ecc6299db9ec823/libblas-sys-0.0.5/build.rs:15:44
[INFO] [stdout]    |
[INFO] [stdout] 15 |           assert!($command.stdout(::std::io::process::InheritFd(1))
[INFO] [stdout]    |                                              ^^^^^^^ could not find `process` in `io`
[INFO] [stdout] ...
[INFO] [stdout] 28 | /     run!(cmd!("cmake").cwd(&into).arg("--build").arg(".")
[INFO] [stdout] 29 | |                                  .arg("--target").arg("blas")
[INFO] [stdout] 30 | |                                  .arg("--")
[INFO] [stdout] 31 | |                                  .arg(fmt!("-j{}", get!("NUM_JOBS"))));
[INFO] [stdout]    | |_______________________________________________________________________- in this macro invocation
[INFO] [stdout]    |
[INFO] [stdout]    = note: this error originates in a macro (in Nightly builds, run with -Z macro-backtrace for more info)
[INFO] [stdout] 
[INFO] [stdout] 
[INFO] [stdout] error[E0433]: failed to resolve: could not find `process` in `io`
[INFO] [stdout]   --> /opt/rustwide/cargo-home/registry/src/github.com-1ecc6299db9ec823/libblas-sys-0.0.5/build.rs:16:44
[INFO] [stdout]    |
[INFO] [stdout] 16 |                           .stderr(::std::io::process::InheritFd(2))
[INFO] [stdout]    |                                              ^^^^^^^ could not find `process` in `io`
[INFO] [stdout] ...
[INFO] [stdout] 28 | /     run!(cmd!("cmake").cwd(&into).arg("--build").arg(".")
[INFO] [stdout] 29 | |                                  .arg("--target").arg("blas")
[INFO] [stdout] 30 | |                                  .arg("--")
[INFO] [stdout] 31 | |                                  .arg(fmt!("-j{}", get!("NUM_JOBS"))));
[INFO] [stdout]    | |_______________________________________________________________________- in this macro invocation
[INFO] [stdout]    |
[INFO] [stdout]    = note: this error originates in a macro (in Nightly builds, run with -Z macro-backtrace for more info)
[INFO] [stdout] 
[INFO] [stdout] 
[INFO] [stdout] error[E0433]: failed to resolve: use of undeclared type or module `Path`
[INFO] [stdout]   --> /opt/rustwide/cargo-home/registry/src/github.com-1ecc6299db9ec823/libblas-sys-0.0.5/build.rs:22:16
[INFO] [stdout]    |
[INFO] [stdout] 22 |     let from = Path::new(get!("CARGO_MANIFEST_DIR")).join("libblas");
[INFO] [stdout]    |                ^^^^ not found in this scope
[INFO] [stdout]    |
[INFO] [stdout] help: consider importing this struct
[INFO] [stdout]    |
[INFO] [stdout] 1  | use std::path::Path;
[INFO] [stdout]    |
[INFO] [stdout] 
[INFO] [stdout] 
[INFO] [stdout] error[E0425]: cannot find function `getenv` in module `std::os`
[INFO] [stdout]   --> /opt/rustwide/cargo-home/registry/src/github.com-1ecc6299db9ec823/libblas-sys-0.0.5/build.rs:10:33
[INFO] [stdout]    |
[INFO] [stdout] 10 |     ($name:expr) => (::std::os::getenv($name).unwrap());
[INFO] [stdout]    |                                 ^^^^^^ not found in `std::os`
[INFO] [stdout] ...
[INFO] [stdout] 22 |     let from = Path::new(get!("CARGO_MANIFEST_DIR")).join("libblas");
[INFO] [stdout]    |                          -------------------------- in this macro invocation
[INFO] [stdout]    |
[INFO] [stdout]    = note: this error originates in a macro (in Nightly builds, run with -Z macro-backtrace for more info)
[INFO] [stdout] 
[INFO] [stdout] 
[INFO] [stdout] error[E0433]: failed to resolve: use of undeclared type or module `Path`
[INFO] [stdout]   --> /opt/rustwide/cargo-home/registry/src/github.com-1ecc6299db9ec823/libblas-sys-0.0.5/build.rs:23:16
[INFO] [stdout]    |
[INFO] [stdout] 23 |     let into = Path::new(get!("OUT_DIR"));
[INFO] [stdout]    |                ^^^^ not found in this scope
[INFO] [stdout]    |
[INFO] [stdout] help: consider importing this struct
[INFO] [stdout]    |
[INFO] [stdout] 1  | use std::path::Path;
[INFO] [stdout]    |
[INFO] [stdout] 
[INFO] [stdout] 
[INFO] [stdout] error: aborting due to 7 previous errors
[INFO] [stdout] 
[INFO] [stdout] 
[INFO] [stdout] Some errors have detailed explanations: E0425, E0433.
[INFO] [stdout] 
[INFO] [stdout] For more information about an error, try `rustc --explain E0425`.
[INFO] [stdout] 
[INFO] [stdout] error[E0425]: cannot find function `getenv` in module `std::os`
[INFO] [stdout]   --> /opt/rustwide/cargo-home/registry/src/github.com-1ecc6299db9ec823/libblas-sys-0.0.5/build.rs:10:33
[INFO] [stdout]    |
[INFO] [stdout] 10 |     ($name:expr) => (::std::os::getenv($name).unwrap());
[INFO] [stdout]    |                                 ^^^^^^ not found in `std::os`
[INFO] [stdout] ...
[INFO] [stdout] 23 |     let into = Path::new(get!("OUT_DIR"));
[INFO] [stdout]    |                          --------------- in this macro invocation
[INFO] [stdout]    |
[INFO] [stdout]    = note: this error originates in a macro (in Nightly builds, run with -Z macro-backtrace for more info)
[INFO] [stdout] 
[INFO] [stdout] 
[INFO] [stdout] error[E0433]: failed to resolve: could not find `process` in `io`
[INFO] [stdout]   --> /opt/rustwide/cargo-home/registry/src/github.com-1ecc6299db9ec823/libblas-sys-0.0.5/build.rs:2:42
[INFO] [stdout]    |
[INFO] [stdout] 2  |     ($name:expr) => (::std::io::process::Command::new($name));
[INFO] [stdout]    |                                          ^^^^^^^ not found in `std::io::process`
[INFO] [stdout] ...
[INFO] [stdout] 25 |     run!(cmd!("cmake").cwd(&into).arg(&from)
[INFO] [stdout]    |          ------------- in this macro invocation
[INFO] [stdout]    |
[INFO] [stdout]    = note: this error originates in a macro (in Nightly builds, run with -Z macro-backtrace for more info)
[INFO] [stdout] help: consider importing this struct
[INFO] [stdout]    |
[INFO] [stdout] 1  | use std::process::Command;
[INFO] [stdout]    |
[INFO] [stdout] 
[INFO] [stdout] 
[INFO] [stdout] error[E0433]: failed to resolve: could not find `process` in `io`
[INFO] [stdout]   --> /opt/rustwide/cargo-home/registry/src/github.com-1ecc6299db9ec823/libblas-sys-0.0.5/build.rs:2:42
[INFO] [stdout]    |
[INFO] [stdout] 2  |     ($name:expr) => (::std::io::process::Command::new($name));
[INFO] [stdout]    |                                          ^^^^^^^ not found in `std::io::process`
[INFO] [stdout] ...
[INFO] [stdout] 28 |     run!(cmd!("cmake").cwd(&into).arg("--build").arg(".")
[INFO] [stdout]    |          ------------- in this macro invocation
[INFO] [stdout]    |
[INFO] [stdout]    = note: this error originates in a macro (in Nightly builds, run with -Z macro-backtrace for more info)
[INFO] [stdout] help: consider importing this struct
[INFO] [stdout]    |
[INFO] [stdout] 1  | use std::process::Command;
[INFO] [stdout]    |
[INFO] [stdout] 
[INFO] [stdout] 
[INFO] [stdout] error[E0425]: cannot find function `getenv` in module `std::os`
[INFO] [stdout]   --> /opt/rustwide/cargo-home/registry/src/github.com-1ecc6299db9ec823/libblas-sys-0.0.5/build.rs:10:33
[INFO] [stdout]    |
[INFO] [stdout] 10 |     ($name:expr) => (::std::os::getenv($name).unwrap());
[INFO] [stdout]    |                                 ^^^^^^ not found in `std::os`
[INFO] [stdout] ...
[INFO] [stdout] 31 |                                  .arg(fmt!("-j{}", get!("NUM_JOBS"))));
[INFO] [stdout]    |                                                    ---------------- in this macro invocation
[INFO] [stdout]    |
[INFO] [stdout]    = note: this error originates in a macro (in Nightly builds, run with -Z macro-backtrace for more info)
[INFO] [stdout] 
[INFO] [stdout] 
[INFO] [stderr] error: could not compile `hotspot`.
[INFO] [stderr] 
[INFO] [stderr] To learn more, run the command again with --verbose.
[INFO] [stderr] warning: build failed, waiting for other jobs to finish...
[INFO] [stdout] error: aborting due to 11 previous errors
[INFO] [stdout] 
[INFO] [stdout] 
[INFO] [stdout] Some errors have detailed explanations: E0425, E0433.
[INFO] [stdout] 
[INFO] [stdout] For more information about an error, try `rustc --explain E0425`.
[INFO] [stdout] 
[INFO] [stdout] error[E0433]: failed to resolve: could not find `process` in `io`
[INFO] [stdout]   --> /opt/rustwide/cargo-home/registry/src/github.com-1ecc6299db9ec823/liblapack-sys-0.0.5/build.rs:15:44
[INFO] [stdout]    |
[INFO] [stdout] 15 |           assert!($command.stdout(::std::io::process::InheritFd(1))
[INFO] [stdout]    |                                              ^^^^^^^ could not find `process` in `io`
[INFO] [stdout] ...
[INFO] [stdout] 25 | /     run!(cmd!("cmake").cwd(&into).arg(&from)
[INFO] [stdout] 26 | |                                  .arg("-DCMAKE_Fortran_FLAGS='-O2 -frecursive -fPIC'"));
[INFO] [stdout]    | |________________________________________________________________________________________- in this macro invocation
[INFO] [stdout]    |
[INFO] [stdout]    = note: this error originates in a macro (in Nightly builds, run with -Z macro-backtrace for more info)
[INFO] [stdout] 
[INFO] [stdout] 
[INFO] [stdout] error[E0433]: failed to resolve: could not find `process` in `io`
[INFO] [stdout]   --> /opt/rustwide/cargo-home/registry/src/github.com-1ecc6299db9ec823/liblapack-sys-0.0.5/build.rs:16:44
[INFO] [stdout]    |
[INFO] [stdout] 16 |                           .stderr(::std::io::process::InheritFd(2))
[INFO] [stdout]    |                                              ^^^^^^^ could not find `process` in `io`
[INFO] [stdout] ...
[INFO] [stdout] 25 | /     run!(cmd!("cmake").cwd(&into).arg(&from)
[INFO] [stdout] 26 | |                                  .arg("-DCMAKE_Fortran_FLAGS='-O2 -frecursive -fPIC'"));
[INFO] [stdout]    | |________________________________________________________________________________________- in this macro invocation
[INFO] [stdout]    |
[INFO] [stdout]    = note: this error originates in a macro (in Nightly builds, run with -Z macro-backtrace for more info)
[INFO] [stdout] 
[INFO] [stdout] 
[INFO] [stdout] error[E0433]: failed to resolve: could not find `process` in `io`
[INFO] [stdout]   --> /opt/rustwide/cargo-home/registry/src/github.com-1ecc6299db9ec823/liblapack-sys-0.0.5/build.rs:15:44
[INFO] [stdout]    |
[INFO] [stdout] 15 |           assert!($command.stdout(::std::io::process::InheritFd(1))
[INFO] [stdout]    |                                              ^^^^^^^ could not find `process` in `io`
[INFO] [stdout] ...
[INFO] [stdout] 28 | /     run!(cmd!("cmake").cwd(&into).arg("--build").arg(".")
[INFO] [stdout] 29 | |                                  .arg("--target").arg("lapack")
[INFO] [stdout] 30 | |                                  .arg("--")
[INFO] [stdout] 31 | |                                  .arg(fmt!("-j{}", get!("NUM_JOBS"))));
[INFO] [stdout]    | |_______________________________________________________________________- in this macro invocation
[INFO] [stdout]    |
[INFO] [stdout]    = note: this error originates in a macro (in Nightly builds, run with -Z macro-backtrace for more info)
[INFO] [stdout] 
[INFO] [stdout] 
[INFO] [stdout] error[E0433]: failed to resolve: could not find `process` in `io`
[INFO] [stdout]   --> /opt/rustwide/cargo-home/registry/src/github.com-1ecc6299db9ec823/liblapack-sys-0.0.5/build.rs:16:44
[INFO] [stdout]    |
[INFO] [stdout] 16 |                           .stderr(::std::io::process::InheritFd(2))
[INFO] [stdout]    |                                              ^^^^^^^ could not find `process` in `io`
[INFO] [stdout] ...
[INFO] [stdout] 28 | /     run!(cmd!("cmake").cwd(&into).arg("--build").arg(".")
[INFO] [stdout] 29 | |                                  .arg("--target").arg("lapack")
[INFO] [stdout] 30 | |                                  .arg("--")
[INFO] [stdout] 31 | |                                  .arg(fmt!("-j{}", get!("NUM_JOBS"))));
[INFO] [stdout]    | |_______________________________________________________________________- in this macro invocation
[INFO] [stdout]    |
[INFO] [stdout]    = note: this error originates in a macro (in Nightly builds, run with -Z macro-backtrace for more info)
[INFO] [stdout] 
[INFO] [stdout] 
[INFO] [stdout] error[E0433]: failed to resolve: use of undeclared type or module `Path`
[INFO] [stdout]   --> /opt/rustwide/cargo-home/registry/src/github.com-1ecc6299db9ec823/liblapack-sys-0.0.5/build.rs:22:16
[INFO] [stdout]    |
[INFO] [stdout] 22 |     let from = Path::new(get!("CARGO_MANIFEST_DIR")).join("liblapack");
[INFO] [stdout]    |                ^^^^ not found in this scope
[INFO] [stdout]    |
[INFO] [stdout] help: consider importing this struct
[INFO] [stdout]    |
[INFO] [stdout] 1  | use std::path::Path;
[INFO] [stdout]    |
[INFO] [stdout] 
[INFO] [stdout] 
[INFO] [stdout] error[E0425]: cannot find function `getenv` in module `std::os`
[INFO] [stdout]   --> /opt/rustwide/cargo-home/registry/src/github.com-1ecc6299db9ec823/liblapack-sys-0.0.5/build.rs:10:33
[INFO] [stdout]    |
[INFO] [stdout] 10 |     ($name:expr) => (::std::os::getenv($name).unwrap());
[INFO] [stdout]    |                                 ^^^^^^ not found in `std::os`
[INFO] [stdout] ...
[INFO] [stdout] 22 |     let from = Path::new(get!("CARGO_MANIFEST_DIR")).join("liblapack");
[INFO] [stdout]    |                          -------------------------- in this macro invocation
[INFO] [stdout]    |
[INFO] [stdout]    = note: this error originates in a macro (in Nightly builds, run with -Z macro-backtrace for more info)
[INFO] [stdout] 
[INFO] [stdout] 
[INFO] [stdout] error[E0433]: failed to resolve: use of undeclared type or module `Path`
[INFO] [stdout]   --> /opt/rustwide/cargo-home/registry/src/github.com-1ecc6299db9ec823/liblapack-sys-0.0.5/build.rs:23:16
[INFO] [stdout]    |
[INFO] [stdout] 23 |     let into = Path::new(get!("OUT_DIR"));
[INFO] [stdout]    |                ^^^^ not found in this scope
[INFO] [stdout]    |
[INFO] [stdout] help: consider importing this struct
[INFO] [stdout]    |
[INFO] [stdout] 1  | use std::path::Path;
[INFO] [stdout]    |
[INFO] [stdout] 
[INFO] [stdout] 
[INFO] [stdout] error[E0425]: cannot find function `getenv` in module `std::os`
[INFO] [stdout]   --> /opt/rustwide/cargo-home/registry/src/github.com-1ecc6299db9ec823/liblapack-sys-0.0.5/build.rs:10:33
[INFO] [stdout]    |
[INFO] [stdout] 10 |     ($name:expr) => (::std::os::getenv($name).unwrap());
[INFO] [stdout]    |                                 ^^^^^^ not found in `std::os`
[INFO] [stdout] ...
[INFO] [stdout] 23 |     let into = Path::new(get!("OUT_DIR"));
[INFO] [stdout]    |                          --------------- in this macro invocation
[INFO] [stdout]    |
[INFO] [stdout]    = note: this error originates in a macro (in Nightly builds, run with -Z macro-backtrace for more info)
[INFO] [stdout] 
[INFO] [stdout] 
[INFO] [stdout] error[E0433]: failed to resolve: could not find `process` in `io`
[INFO] [stdout]   --> /opt/rustwide/cargo-home/registry/src/github.com-1ecc6299db9ec823/liblapack-sys-0.0.5/build.rs:2:42
[INFO] [stdout]    |
[INFO] [stdout] 2  |     ($name:expr) => (::std::io::process::Command::new($name));
[INFO] [stdout]    |                                          ^^^^^^^ not found in `std::io::process`
[INFO] [stdout] ...
[INFO] [stdout] 25 |     run!(cmd!("cmake").cwd(&into).arg(&from)
[INFO] [stdout]    |          ------------- in this macro invocation
[INFO] [stdout]    |
[INFO] [stdout]    = note: this error originates in a macro (in Nightly builds, run with -Z macro-backtrace for more info)
[INFO] [stdout] help: consider importing this struct
[INFO] [stdout]    |
[INFO] [stdout] 1  | use std::process::Command;
[INFO] [stdout]    |
[INFO] [stdout] 
[INFO] [stdout] 
[INFO] [stdout] error[E0433]: failed to resolve: could not find `process` in `io`
[INFO] [stdout]   --> /opt/rustwide/cargo-home/registry/src/github.com-1ecc6299db9ec823/liblapack-sys-0.0.5/build.rs:2:42
[INFO] [stdout]    |
[INFO] [stdout] 2  |     ($name:expr) => (::std::io::process::Command::new($name));
[INFO] [stdout]    |                                          ^^^^^^^ not found in `std::io::process`
[INFO] [stdout] ...
[INFO] [stdout] 28 |     run!(cmd!("cmake").cwd(&into).arg("--build").arg(".")
[INFO] [stdout]    |          ------------- in this macro invocation
[INFO] [stdout]    |
[INFO] [stdout]    = note: this error originates in a macro (in Nightly builds, run with -Z macro-backtrace for more info)
[INFO] [stdout] help: consider importing this struct
[INFO] [stdout]    |
[INFO] [stdout] 1  | use std::process::Command;
[INFO] [stdout]    |
[INFO] [stdout] 
[INFO] [stdout] 
[INFO] [stdout] error[E0425]: cannot find function `getenv` in module `std::os`
[INFO] [stdout]   --> /opt/rustwide/cargo-home/registry/src/github.com-1ecc6299db9ec823/liblapack-sys-0.0.5/build.rs:10:33
[INFO] [stdout]    |
[INFO] [stdout] 10 |     ($name:expr) => (::std::os::getenv($name).unwrap());
[INFO] [stdout]    |                                 ^^^^^^ not found in `std::os`
[INFO] [stdout] ...
[INFO] [stdout] 31 |                                  .arg(fmt!("-j{}", get!("NUM_JOBS"))));
[INFO] [stdout]    |                                                    ---------------- in this macro invocation
[INFO] [stdout]    |
[INFO] [stdout]    = note: this error originates in a macro (in Nightly builds, run with -Z macro-backtrace for more info)
[INFO] [stdout] 
[INFO] [stdout] 
[INFO] [stdout] error: aborting due to 11 previous errors
[INFO] [stdout] 
[INFO] [stdout] 
[INFO] [stdout] Some errors have detailed explanations: E0425, E0433.
[INFO] [stdout] 
[INFO] [stdout] For more information about an error, try `rustc --explain E0425`.
[INFO] [stdout] 
[INFO] [stderr] error: build failed
[INFO] running `Command { std: "docker" "inspect" "c0a486e0c24112601580d768715e16bb1f098f4cff0947db0fca5fb46520780b", kill_on_drop: false }`
[INFO] running `Command { std: "docker" "rm" "-f" "c0a486e0c24112601580d768715e16bb1f098f4cff0947db0fca5fb46520780b", kill_on_drop: false }`
[INFO] [stdout] c0a486e0c24112601580d768715e16bb1f098f4cff0947db0fca5fb46520780b
